common factor of 18090 and 8640.
270
Calculate the highest common factor of 16 and 53624.
8
Calculate the highest common factor of 9582 and 6.
6
What is the highest common divisor of 132028 and 2652?
52
What is the greatest common divisor of 1566 and 1323?
27
Calculate the greatest common factor of 864870 and 12.
6
What is the greatest common divisor of 32 and 3928?
8
What is the highest common divisor of 2781439 and 101?
101
What is the greatest common divisor of 90 and 8269830?
90
What is the highest common divisor of 46 and 41768?
46
What is the highest common divisor of 754083 and 297?
297
Calculate the highest common factor of 64 and 122432.
64
Calculate the highest common divisor of 3900 and 147940.
260
What is the greatest common factor of 70 and 635488?
14
Calculate the highest common factor of 1389 and 7.
1
Calculate the highest common divisor of 24786 and 544.
34
Calculate the greatest common divisor of 79624 and 195832.
2152
What is the highest common factor of 611 and 133406?
13
Calculate the highest common divisor of 368 and 12848.
16
Calculate the highest common divisor of 515 and 20035.
5
What is the highest common factor of 148983 and 636?
159
What is the greatest common factor of 46240 and 320?
160
Calculate the greatest common factor of 763 and 2071.
109
What is the highest common factor of 108097 and 682?
341
What is the highest common factor of 64048 and 272?
16
Calculate the highest common divisor of 3111 and 366.
183
Calculate the greatest common divisor of 2249 and 26.
13
Calculate the greatest common divisor of 138704 and 72.
8
What is the greatest common divisor of 2519 and 7040?
11
Calculate the highest common divisor of 1029 and 861.
21
What is the greatest common factor of 410 and 48626?
82
Calculate the highest common factor of 416 and 9178.
26
Calculate the highest common divisor of 72119 and 205.
41
Calculate the greatest common factor of 5516 and 48068.
788
Calculate the greatest common divisor of 40 and 382865.
5
Calculate the highest common factor of 3224 and 1836874.
806
What is the greatest common divisor of 25742 and 5246?
122
What is the greatest common divisor of 5808 and 5484?
12
Calculate the highest common divisor of 707 and 3131.
101
Calculate the highest common divisor of 340 and 24446.
34
What is the highest common divisor of 516 and 13602?
6
Calculate the greatest common factor of 237 and 24.
3
What is the highest common divisor of 434 and 96844?
62
What is the greatest common divisor of 251283 and 3?
3
Calculate the greatest common factor of 107604 and 114924.
732
What is the greatest common divisor of 18285 and 38955?
795
Calculate the highest common divisor of 1428 and 868.
28
What is the greatest common factor of 81 and 443268?
9
Calculate the greatest common factor of 11541 and 9.
3
Calculate the greatest common divisor of 5523 and 815037.
789
What is the highest common divisor of 43807 and 11857?
71
What is the greatest common divisor of 60 and 132935?
5
What is the greatest common divisor of 208 and 108628?
52
What is the highest common divisor of 150 and 34005?
15
What is the highest common factor of 12 and 50064?
12
Calculate the greatest common divisor of 126736 and 16.
16
Calculate the highest common divisor of 22833 and 944.
59
What is the greatest common factor of 22949 and 53?
53
Calculate the greatest common divisor of 240 and 1104.
48
Calculate the greatest common factor of 1592716 and 1228.
1228
What is the highest common divisor of 1002160 and 80?
80
What is the greatest common divisor of 27915 and 120?
15
What is the highest common factor of 1168 and 214036?
292
Calculate the greatest common divisor of 161 and 14881.
23
Calculate the highest common factor of 9400 and 99800.
200
What is the highest common factor of 260237 and 197?
197
Calculate the greatest common divisor of 4584 and 53289.
573
What is the highest common factor of 3094 and 413686?
182
What is the highest common divisor of 2134 and 825?
11
Calculate the highest common factor of 7788 and 9009.
33
What is the greatest common factor of 200506 and 29?
29
Calculate the highest common divisor of 60 and 567876.
12
Calculate the highest common factor of 44573 and 9434.
53
What is the highest common divisor of 204676 and 1?
1
Calculate the highest common factor of 1044 and 288.
36
What is the highest common divisor of 976536 and 418?
22
Calculate the highest common divisor of 147910 and 70.
70
Calculate the highest common divisor of 1442 and 15038.
206
Calculate the greatest common divisor of 66072 and 552.
24
Calculate the greatest common divisor of 494 and 8227.
19
What is the highest common divisor of 1600 and 829760?
320
What is the greatest common factor of 3330 and 204690?
30
Calculate the highest common factor of 15 and 263859.
3
What is the highest common factor of 19280 and 6480?
80
What is the highest common factor of 10040 and 25440?
40
What is the highest common factor of 10075 and 6851?
403
What is the highest common factor of 3979 and 2941?
173
Calculate the greatest common factor of 7800 and 350.
50
What is the highest common divisor of 275 and 158675?
275
What is the highest common divisor of 120840 and 480?
120
Calculate the greatest common divisor of 416604 and 1341.
447
Calculate the greatest common factor of 57 and 18943.
19
What is the greatest common factor of 13905 and 3645?
135
Calculate the greatest common divisor of 1164884 and 84.
28
Calculate the highest common divisor of 202960 and 16168.
344
Calculate the greatest common divisor of 210 and 12894.
42
Calculate the greatest common divisor of 10206 and 2982.
42
What is the highest common divisor of 16059 and 2067?
159
Calculate the greatest common factor of 17353056 and 952.
952
Calculate the highest common factor of 14608 and 154.
22
Calculate the greatest common factor of 9138368 and 128.
64
What is the highest common factor of 10792 and 760?
152
Calculate the greatest common divisor of 295 and 27035.
5
What is the highest common divisor of 45 and 422545?
5
What is the greatest common factor of 613962 and 45?
9
Calculate the highest common divisor of 264005 and 27265.
665
What is the highest common divisor of 1458 and 38664?
54
Calculate the highest common factor of 3395 and 11585.
35
What is the greatest common factor of 450 and 212526?
18
What is the greatest common divisor of 169 and 1365?
13
Calculate the greatest common divisor of 30700 and 2980.
20
Calculate the highest common divisor of 1036 and 37828.
28
Calculate the greatest common divisor of 35 and 2401945.
35
What is the greatest common divisor of 578478 and 134?
134
What is the greatest common divisor of 21 and 45255?
21
Calculate the highest common factor of 488 and 40199.
61
What is the greatest common factor of 81 and 46359?
27
What is the highest common factor of 463282 and 86?
86
Calculate the greatest common divisor of 202 and 210787.
101
What is the greatest common factor of 15341 and 29969?
23
What is the highest common divisor of 1976 and 1742338?
494
Calculate the greatest common factor of 740 and 444185.
185
Calculate the highest common factor of 96 and 118434.
6
Calculate the greatest common divisor of 365821 and 8975.
359
What is the greatest common divisor of 128 and 199488?
64
Calculate the greatest common divisor of 2060 and 315695.
515
What is the highest common factor of 1501 and 10112?
79
What is the highest common divisor of 960 and 63405?
15
What is the highest common factor of 927 and 278409?
309
Calculate the greatest common divisor of 1240 and 18856.
8
What is the highest common divisor of 85480 and 40?
40
What is the greatest common divisor of 10836 and 12516?
84
Calculate the greatest common divisor of 3332 and 32.
4
Calculate the greatest common factor of 104 and 1928.
8
What is the greatest common divisor of 78066 and 9?
9
What is the greatest common factor of 120 and 810120?
120
What is the greatest common factor of 130 and 2111000?
10
Calculate the highest common factor of 34 and 68935.
17
Calculate the highest common divisor of 313 and 298289.
313
What is the greatest common factor of 4609 and 455453?
419
Calculate the greatest common factor of 306 and 20844.
18
Calculate the highest common factor of 4346 and 74518.
106
Calculate the greatest comm